- 27 + a**2 - 8*a - 2*a**2. Give p(-17).
-4
Let i(q) = 2 + 1 - 6 + 3*q. Suppose 3*v = -2*o + 46, -v - v - 3*o + 34 = 0. Suppose f + 10 - v = 0. Determine i(f).
9
Let f(k) = 7*k - 1. Suppose 15*n = 12*n + 6. Suppose j = -3*a - n*j, 3*j = -6. Determine f(a).
13
Suppose 0 = -n + 10 + 2. Suppose 4*j = 5*q - 31, 0*q - 4*q = -n. Let l(o) be the second derivative of o**5/20 + 5*o**4/12 + o**3/2 + 3*o**2/2 + 8*o. Give l(j).
7
Let j = 182 + -183. Let y(w) = 9*w**3 - w**2. Calculate y(j).
-10
Suppose 0 = 4*o - 2*s + 3 - 39, 3*s + 12 = 0. Let j(y) = y - 2. Give j(o).
5
Let w(r) = 2*r + 23. Let b be w(-9). Suppose 2*l = -4*y + 18, 0 = -3*l + 4*y - 1 - 2. Let p(a) = -5*a**2 - a - 2 - l + 0 + 0*a**2 + a**3. Calculate p(b).
-10
Let t(p) be the third derivative of 0 - 10*p**2 + 0*p**3 - 1/8*p**4 + 0*p. Determine t(-5).
15
Let y(t) be the third derivative of 1/60*t**5 + 0*t - 2/3*t**3 + 0 + 0*t**4 + 15*t**2. Give y(-4).
12
Let z(k) = 7*k**2 + 29*k + 41. Let r(j) = -11*j**2 - 43*j - 65. Let x(y) = -5*r(y) - 8*z(y). Give x(-15).
27
Let m(b) = b**2. Let l(k) = -3*k**2 + 6*k + 3. Let j(s) = l(s) + 4*m(s). Determine j(-6).
3
Let a be (-3 - 0) + 20/4. Let n(j) = 5 - j**2 - 2 + 0*j**2 - a - 3*j. Determine n(-3).
1
Let p(j) = -3*j + 1. Let y be (-27)/(-3) + (-8)/4. Let h(w) = w**3 - 8*w**2 + 7*w + 2. Let i be h(y). Determine p(i).
-5
Let l(f) = f**3 - 45*f**2 - 2*f + 98. Let k be l(45). Let m(u) = u**3 - 7*u**2 - 8*u - 7. What is m(k)?
-7
Let m(w) = w**2 + w - 238. Let j be m(15). Let y(a) = a**3 - a**2 + a - 1. Give y(j).
5
Suppose 3*m = -m + 28. Let k(z) = z**3 - 7*z**2 - 10. What is k(m)?
-10
Let v(w) = 2*w - 1. Let q(s) = -s**2 - s. Suppose -2*k - m - 11 = 2*m, 3*k = -4*m - 15. Let h be q(k). Suppose y + h*y = 3. Give v(y).
5
Let y(c) = c - 2*c + 5*c. Let g(j) = -j**2 + 21*j - 100. Let a be g(8). Determine y(a).
16
Let o(t) = 3*t - 3. Let v(b) = -b**3 - 32*b**2 - 37*b + 61. Let g(k) = -k**3 - 21*k**2 - 25*k + 41. Let r(n) = -7*g(n) + 5*v(n). Let i be r(7). What is o(i)?
-12
Suppose s - 4*s + 3 = 3*m, -3 = -3*m + 3*s. Let l(d) = -7*d**2 + 5*d - 4. Let h(j) = 15*j**2 - 9*j + 7. Let q(t) = 3*h(t) + 5*l(t). Give q(m).
9
Let c(n) = 5*n**2 + 4*n - 3. Let l(k) = 9*k**2 + 7*k - 5. Let q(o) = -7*c(o) + 4*l(o). Let b(r) = -3*r**2 - 7*r - 6. Let g(s) = -b(s) - 4*q(s). Determine g(6).
8
Let o(x) = 15*x**2 - 11*x + 11. Let g(y) = 14*y**2 - 9*y + 9. Let v(f) = -5*g(f) + 4*o(f). Determine v(-2).
-43
Let l = -43 - -15. Let o = l + 29. Let s(k) = -k**3 - 2*k**2 + k. Calculate s(o).
-2
Let v be (-156)/(-42) - 8/(-28). Let p(a) = -63 - 62 + 123 + 2*a. What is p(v)?
6
Let k(i) = 2 + 3*i + 0 - 9225*i**2 + 9228*i**2. Let u(m) be the first derivative of -m**3/3 - m**2 + m + 1. Let f be u(1). Give k(f).
8
Let f = -659 + 668. Let j(c) = c**3 - 9*c**2 + c - 12. What is j(f)?
-3
Let m(q) = -2*q**2 - q - 6. Let g(w) be the first derivative of 1/3*w**3 + 0*w**2 + 6*w - 5. Let v(b) = 3*g(b) + 2*m(b). What is v(-5)?
-9
Let f(l) = l**3 + 29*l**2 + 2*l + 5. Let h(k) = k**3 + 25*k**2 + 3*k + 3. Let q(j) = -4*f(j) + 5*h(j). Let t be 1/5 - (-41)/(-5). Give q(t).
3
Suppose 10 = -2*j + 4*v, -2*j = 2*j + v + 11. Let n(t) = 2*t + 2. Let q(z) = 5*z + 4. Let p(a) = 7*n(a) - 3*q(a). Give p(j).
5
Let d be (-1)/(-4)*(-36)/(-3). Let y(l) = 5*l**3 - 7 + 5*l**2 - 4*l**d + 3*l + 0*l**3 - 5*l. Let q = -11 + 6. Give y(q).
3
Let a(r) be the first derivative of -r**6/360 - r**5/24 - 5*r**3/3 + 11. Let k(n) be the third derivative of a(n). Give k(-6).
-6
Let z(o) = 4*o**2 + o - 3. Let v(y) = 3*y**2 - 2. Let t(q) = v(q) - z(q). Calculate t(1).
-1
Let b = 69 + -55. Let a(o) = -o**3 + 13*o**2 + 13*o + 19. Let i be a(b). Let v(x) = -x + 1. Give v(i).
-4
Let k(d) = -d**2 - 9*d - 12. Suppose -7*b - 32 = 5*r - 8*b, 2*r - b + 14 = 0. Calculate k(r).
6
Let q(k) = -k**3 - k**2 + k + 2. Let j(m) = m + 7. Let f be j(-7). Calculate q(f).
2
Let h(a) = -143 + 2*a + 183 + 2*a - 3*a. Determine h(0).
40
Let j = 32 - 33. Suppose 4*m - 5 = 3*m. Let b(n) = -4 + 3*n - 2*n + m - 5*n**2. Give b(j).
-5
Let h = -1312 - -1338. Let l(m) = -m**3 + 26*m**2 - m + 29. Give l(h).
3
Let d be 217/5 + (-39)/(-65). Let b = d + -39. Let i(j) be the third derivative of j**5/30 - j**4/4 - 7*j**3/6 - j**2. Give i(b).
13
Let c(n) = -n**3 - 20*n**2 + n + 22. Let k be c(-20). Let d(m) = 5*m - m**2 + 2*m - k*m + 1. Give d(6).
-5
Suppose 3 + 0 = -y. Let i(j) = j**2 + 3*j. Let n(g) = 1 - 3*g - 1 - g**2 - 5 + 4. Let o(u) = 5*i(u) + 4*n(u). Give o(y).
-4
Let f(b) = 43*b - 26*b - 17*b - b**2 - 2. Give f(2).
-6
Let g = 58 + -56. Let y(n) = -4 - 4 + 4*n - g*n + 6 + 2*n**2. Give y(3).
22
Let k(r) = 4*r + 4. Let o be (-30 - -2)*(-2)/8. Suppose o*d = 3*d - 12. Calculate k(d).
-8
Let c = 13 + -11. Let q be (-3)/(-1 + 0/c). Let x(u) be the second derivative of -u**5/20 + u**4/3 - u**3/2 - 3*u**2/2 - u. Give x(q).
-3
Suppose -27 = 2*i + i. Let w = i - -24. Suppose -5*x + 0*x = w. Let b(a) = -a**3 - 2*a**2 + a + 1. What is b(x)?
7
Suppose v + 15 = -4*v. Let f(t) = -9*t - 3. Let g be f(v). Suppose 3*l - 7*l - g = 0. Let q(u) = 2*u + 8. What is q(l)?
-4
Let u(f) = 2*f**2 - f - 1. Suppose r - 24 = -4*n - 3*r, -2*n - r = -10. Let w = n - -4. Suppose 4*m - w = -0*m. Calculate u(m).
5
Let j(h) = h**2 + 5*h - 8. Let b be j(-7). Let n(q) = 3*q - 19. Let m be n(b). Let a(w) = w + 1 + w + 0*w + 3*w**3. Give a(m).
-4
Suppose 3*s - j = -6*j + 2, 3*s - 4*j - 47 = 0. Let o(w) = -7 - s + 18 + 4*w. Calculate o(4).
18
Let v(g) = 6*g**3 + 16*g**2 + 5*g + 14. Suppose -17*n = -22*n - 55. Let s(f) = f**3 + 3*f**2 + f + 3. Let h(i) = n*s(i) + 2*v(i). Calculate h(0).
-5
Let c(g) = g - 6. Let i be c(8). Let d(o) = 30*o + 0 + o**i - 30*o - 2. Determine d(3).
7
Let a(r) be the first derivative of 2*r**3 + 1/4*r**4 - 2*r + 3/2*r**2 - 15. Determine a(-5).
8
Let p(v) be the second derivative of v**3/6 + v**2/2 + v - 1. What is p(-4)?
-3
Let o be -9 + 1/(-4 + 3). Let i be (4/(-2))/(-3*o/45). Let a(j) = j**2 + 3*j + 3. What is a(i)?
3
Let i(s) = -5079 + s**2 - 2*s**2 + 4*s + 5093. What is i(7)?
-7
Let m(q) be the first derivative of 8*q + 1/2*q**2 - 4. What is m(6)?
14
Suppose -109*f = -104*f - 10. Let z(u) = 3*u**3 + 12 + u - 5*u**f - 2*u**3 - 7. Calculate z(4).
-7
Let c(u) be the first derivative of -4*u**3/3 - 3*u**2/2 - 4*u - 103. Determine c(-3).
-31
Let o(s) = -2*s**3 + s**2 - 11*s + 10. Let b(t) = t**3 + t**2 - 1. Let x(m) = -3*b(m) - o(m). Calculate x(-6).
-1
Let i(g) be the third derivative of -g**4/3 - g**2 + 29*g. Determine i(4).
-32
Let j(r) = -r - 55 + r**3 + r**2 + 326 - 137 - 120. Let y = 0 - 0. Determine j(y).
14
Let h(p) = p**2 - 7*p + 5. Let v be (8 + -6)/(2/4) + -2. Suppose -2*q = v - 10. What is h(q)?
-7
Suppose r = -5*d - 7, 9 = 5*r - 0*r + 3*d. Suppose 0 = -6*f + r*f - 3. Let l(n) = 8 + 7 + 7*n - 14. Calculate l(f).
-6
Let d = 8 + -5. Suppose 0 = -7*r + d*r - 16. Let h(z) = 13*z**2 - 8*z + 2. Let j(g) = 16*g**2 - 11*g + 1. Let a(n) = -5*h(n) + 4*j(n). Determine a(r).
-6
Let s(g) be the third derivative of 0 + 0*g + 2*g**2 + 1/6*g**4 - 1/2*g**3. Let x(l) = -l**2 - 7*l - 4. Let y be x(-6). What is s(y)?
5
Suppose 2*u = 4*g + 5*u - 156, -3*u = -5*g + 168. Let s = g - 36. Let p(v) = v + 4. Calculate p(s).
4
Let s(v) be the second derivative of 5*v**3/6 - 5*v**2 + v. Let i(t) = -3 - 8 - 4 - 4 + 9*t. Let g(z) = -6*i(z) + 11*s(z). Calculate g(-3).
1
Let k(c) = -c**2 - 12*c - 2. Let t(m) = m**3 + 31*m**2 + 3*m + 81. Let h be t(-31). What is k(h)?
-2
Suppose 0 = -c - 4*h + 4, 4 = c + 6*h - 9*h. Let g(z) = -c*z + 0*z + 7*z. What is g(1)?
3
Let n(x) be the second derivative of x**3/3 - x**2 - 58*x. What is n(4)?
6
Let j be (-1 + 2)/(1/2). Suppose j*l + y + 2*y + 1 = 0, -4 = 4*y. Let x(i) = -i**3 - 2*i**3 - i**3. Determine x(l).
-4
Let l(i) = i**3 + 5*i**2 + 3*i + 2. Suppose 41*q = 33*q - 24. Give l(q).
11
Let p(c) = c. Suppose -30 = -2*q + 16. Suppose -2*z + 1 = -q. Let y be z*(9/(-6))/3. Give p(y).
-6
Let d(r) = 346*r + 22 + 0 - 342*r. What is d(-4)?
6
Let i(n) = 3*n**2 + n - 1. Let y = 48 + -94. Let w = y - -44. Calculate i(w).
9
Let v(a) = a**3 - 7*a**2 + 7*a - 9. Let b be (-2 + -4)*(-2)/6. Suppose 0 = -x - 4*j + 10, 0*x = b*x + 4*j - 16. What is v(x)?
-3
Let s(a) = a**2 - 2*a + 6. Let i(g) be the third derivative of g**6/120 - 5*g**5/12 + g**4 + g**3 - 37*g**2. Let h be i(24). Give s(h